4
Let x(p) = -3*p**2 - 52*p - 14. Determine x(-17).
3
Let o(r) = 216*r - 25921. Give o(120).
-1
Let v(r) = -675*r - 4029. Determine v(-6).
21
Let b(j) = 2*j**3 + 59*j**2 - 27*j + 97. Determine b(-30).
7
Let w(l) = 15*l + 545. Give w(-24).
185
Let x(i) = -2*i**3 - 43*i**2 - 29*i - 136. Calculate x(-21).
32
Let n(u) = -u**2 + 10*u + 286. Determine n(-23).
-473
Let a(s) = 2*s**3 - 5*s**2 - 32*s + 108. Give a(7).
325
Let f(w) = -97*w - 1672. Determine f(-18).
74
Let l(r) = 66*r + 801. Give l(-12).
9
Let y(d) = -16*d - 2656. Give y(-166).
0
Let u(k) = 8*k**2 + 3*k - 104. Calculate u(0).
-104
Let a(o) = -18*o + 1078. What is a(59)?
16
Let m(y) = -213*y + 2565. Calculate m(12).
9
Let i(s) = 1428*s + 9971. Give i(-7).
-25
Let p(l) = 2*l**3 + 73*l**2 + 37*l - 46. What is p(-36)?
-82
Let y(q) = 3*q + 289. Give y(11).
322
Let l(h) = 12*h**2 + 359*h + 34. Calculate l(-31).
437
Let c(h) = -2*h**2 - 111*h + 1374. What is c(-66)?
-12
Let f(k) = -11*k**2 + 48*k + 218. Calculate f(7).
15
Let q(u) = u**3 - 14*u**2 + 31*u + 119. Determine q(10).
29
Let s(r) = 4*r**2 - 20*r + 26. Calculate s(-5).
226
Let y(c) = -1029*c + 8182. Determine y(8).
-50
Let m(z) = 7*z + 152. What is m(-22)?
-2
Let s(z) = -18*z**2 + 17*z + 2. Determine s(1).
1
Let r(v) = -5*v**2 - 67*v + 52. Give r(-16).
-156
Let z(u) = -44*u + 1213. Give z(28).
-19
Let g(l) = -10*l + 3. Calculate g(5).
-47
Let w(y) = -110*y - 4547. Calculate w(-40).
-147
Let c(u) = 19*u + 61. Calculate c(-8).
-91
Let h(o) = 4*o**2 - 322*o + 320. Determine h(1).
2
Let j(s) = -95*s - 155. Determine j(1).
-250
Let y(f) = 6*f**2 + 42*f + 234. Calculate y(-6).
198
Let z(w) = 5*w**2 + 174*w + 717. What is z(-30)?
-3
Let w(u) = 53*u - 786. Calculate w(13).
-97
Let s(y) = -13*y**2 + 15*y - 106. Give s(8).
-818
Let l(x) = x**3 - 15*x**2 + x + 114. Determine l(15).
129
Let l(h) = 4*h**2 + 627*h + 9038. Calculate l(-16).
30
Let k(b) = -4*b + 30. Determine k(8).
-2
Let x(t) = -t**2 + 160*t + 327. Calculate x(-2).
3
Let q(x) = -3*x + 91. Determine q(37).
-20
Let u(z) = z**3 + 36*z**2 + 191*z + 4183. Determine u(-34).
1
Let z(m) = 2032*m - 50816. Determine z(25).
-16
Let r(n) = 10*n**2 - 1158*n - 229. What is r(116)?
3
Let t(q) = 2*q**3 + 27*q**2 + 85*q - 42. What is t(-6)?
-12
Let a(n) = n**3 + 16*n**2 - 4*n + 49. Give a(-15).
334
Let d(m) = -317*m + 73184. What is d(231)?
-43
Let y(d) = -3*d**2 - 23*d - 183. Calculate y(-15).
-513
Let b(i) = i**3 - 13*i**2 + 28*i - 1. What is b(9)?
-73
Let n(b) = -b**3 - 8*b**2 + 21*b + 286. What is n(-11)?
418
Let l(u) = 2*u**3 - 117*u**2 - 319*u + 867. Give l(61).
13
Let f(s) = -4*s**2 + 58*s - 42. Determine f(14).
-14
Let h(s) = -s**3 - 152*s**2 - 873*s + 430. What is h(-146)?
-8
Let x(o) = 79*o - 1968. Determine x(25).
7
Let q(v) = 237*v + 40054. What is q(-169)?
1
Let l(j) = 4*j**3 + j**2 - 45*j - 45. What is l(-4)?
-105
Let w(h) = 1721*h + 17161. What is w(-10)?
-49
Let o(q) = -q**3 + 69*q**2 - 143*q + 124. Calculate o(67).
-479
Let q(v) = 2*v**2 + 82*v + 584. Calculate q(-32).
8
Let u(w) = 334*w + 26096. What is u(-78)?
44
Let u(j) = 34*j + 136. Give u(-6).
-68
Let p(r) = -3*r**3 + 113*r**2 - 118*r + 1621. What is p(37)?
-7
Let m(a) = a**3 + 106*a**2 + 232*a - 7934. Calculate m(-103).
-3
Let r(b) = 2183*b + 2254. What is r(-1)?
71
Let o(f) = f**2 + 10*f - 375. What is o(-25)?
0
Let s(w) = -94*w - 223. Calculate s(-7).
435
Let r(g) = g**2 - 76*g + 1. What is r(72)?
-287
Let s(o) = o**3 + 30*o**2 - o - 1583. Calculate s(-28).
13
Let b(p) = -8*p**2 + 31*p + 168. Give b(7).
-7
Let b(w) = -w**3 + 69*w**2 + 16*w + 124. What is b(69)?
1228
Let k(w) = 7*w**2 - 159*w - 93. Determine k(23).
-47
Let m(q) = -2921*q - 23394. Determine m(-8).
-26
Let f(j) = -j**3 - 27*j**2 - 18*j + 240. What is f(-26)?
32
Let a(r) = 2*r**2 - 32*r - 517. What is a(-10)?
3
Let y(a) = -a**2 + 43*a + 519. Determine y(-10).
-11
Let s(n) = 135*n - 7458. Calculate s(55).
-33
Let w(r) = 2*r**3 - 47*r**2 + 252*r + 37. Determine w(15).
-8
Let q(g) = -g**3 + 3*g**2 + 23*g - 4. What is q(-4)?
16
Let l(p) = 230*p - 2325. What is l(10)?
-25
Let q(g) = -167*g**2 + 7*g + 8. Determine q(-1).
-166
Let n(d) = d**3 + 4*d**2 + 172*d + 329. Calculate n(-2).
-7
Let j(b) = -3*b + 174. Determine j(58).
0
Let i(r) = r**2 + 70*r - 687. Determine i(9).
24
Let s(y) = 308*y + 2769. Give s(-9).
-3
Let g(m) = 16*m - 1445. Give g(94).
59
Let u(f) = -6*f**3 - 56*f**2 - 20*f - 86. Determine u(-9).
-68
Let g(w) = 2*w**3 + 10*w**2 + 232*w + 1187. Give g(-5).
27
Let c(q) = q**3 + 21*q**2 + 84*q - 42. Calculate c(-6).
-6
Let s(b) = 54*b**2 - 3194*b + 467. Determine s(59).
-5
Let w(i) = -i**3 + 25*i**2 - 129*i - 44. Give w(17).
75
Let d(r) = -28*r + 682. Determine d(23).
38
Let o(b) = -2762*b + 2758. What is o(1)?
-4
Let d(a) = 11*a + 128. Calculate d(-14).
-26
Let d(j) = -6*j**2 - 75*j + 155. What is d(2)?
-19
Let a(g) = g**3 + 72*g**2 - 75*g - 91. What is a(-73)?
55
Let z(s) = s**3 + 22*s**2 - 31*s - 165. Determine z(-23).
19
Let r(h) = -19*h**2 + 93*h + 2. Calculate r(5).
-8
Let q(i) = -3*i**3 - 17*i**2 + 13*i - 4. What is q(-5)?
-119
Let u(s) = 992*s + 17841. What is u(-18)?
-15
Let k(b) = 5*b**2 - 9*b + 51. Determine k(6).
177
Let a(i) = -10*i**2 - 5*i + 1. What is a(-4)?
-139
Let j(k) = -67*k - 21. Give j(-1).
46
Let v(h) = -16*h + 168. Give v(-15).
408
Let i(m) = -4*m**3 + 95*m**2 - 98*m + 661. Calculate i(23).
-6
Let i(g) = 3*g**2 + 141*g + 1399. Determine i(-14).
13
Let w(i) = -2*i**3 + 13*i**2 - 16*i + 324. Give w(8).
4
Let w(k) = -k**3 + 10*k**2 + 13*k - 16. Give w(10).
114
Let c(h) = -2*h**2 + 45*h - 276. Calculate c(7).
-59
Let g(o) = o**2 - 24*o - 10. Determine g(15).
-145
Let g(p) = 77*p - 309. What is g(4)?
-1
Let v(l) = 38*l**2 - 883*l + 200. What is v(23)?
-7
Let l(q) = q**3 + 7*q**2 + 8*q + 14. Calculate l(-6).
2
Let v(t) = 124*t + 273. What is v(-3)?
-99
Let t(w) = -15*w + 226. Determine t(13).
31
Let g(t) = -63*t - 500. Calculate g(-10).
130
Let g(a) = 22*a - 14. Determine g(-2).
-58
Let z(i) = 28*i + 3222. What is z(-115)?
2
Let k(y) = 3*y**2 - 31*y - 10. Determine k(7).
-80
Let x(v) = -6*v**2 + 3*v + 31. Give x(12).
-797
Let i(q) = -q**3 - 21*q**2 + 21*q + 19. Give i(-22).
41
Let n(i) = -2*i**3 - 72*i**2 - 129*i - 2060. What is n(-35)?
5
Let g(x) = -x**2 + 8*x - 13. What is g(0)?
-13
Let j(l) = -l**3 - 44*l**2 - 158*l - 36. What is j(-40)?
-116
Let g(w) = w**2 - 19*w - 26. Determine g(16).
-74
Let t(r) = -14*r + 342. Calculate t(0).
342
Let v(t) = 49*t + 1058. Calculate v(-21).
29
Let j(k) = 146*k - 472. Determine j(3).
-34
Let v(i) = -2*i**3 - 50*i**2 - 209*i + 500. What is v(-8)?
-4
Let s(u) = 196*u - 150. Calculate s(1).
46
Let m(s) = -3*s - 124. What is m(10)?
-154
Let y(x) = x**3 + 5*x**2 - 43*x - 114. Calculate y(-3).
33
Let u(k) = -296*k**2 + 8*k + 9. Calculate u(-1).
-295
Let f(t) = -t**3 - 11*t**2 - 54*t - 11. Determine f(-5).
109
Let v(z) = 53*z - 780. What is v(13)?
-91
Let k(j) = -4*j**2 - 8*j + 50. What is k(0)?
50
Let o(f) = -2*f**3 + 7*f**2 - 12*f - 34. Give o(-4).
254
Let m(o) = -5*o**3 + 134*o**2 - 63*o + 2380. What is m(27)?
-50
Let t(m) = -2*m**3 + 94*m**2 + 244*m - 2347. Give t(49).
5
Let y(a) = -2*a**2 + 68*a - 324. Determine y(23).
182
Let t(g) = -g**3 + 74*g**2 + 20*g + 4123. What is t(75)?
-2
Let h(o) = 4*o**3 - 13*o**2 + 44*o - 215. Determine h(4).
9
Let i(c) = -4*c**2 - 63*c - 203. Give i(-4).
-15
Let y(h) = 2*h**2 - 29*h + 95. Give y(8).
-9
Let o(a) = -23*a**2 - 6*a + 22. What is o(4)?
-370
Let n(y) = 2*y**2 + 63*y - 1457. Give n(-47).
0
Let l(m) = 12*m**3 - 228*m**2 - 2*m + 30. Determine l(19).
-8
Let i(p) = 2*p**2 + 18*p - 62. Give i(-15).
118
Let c(l) = l**2 + 9*l - 423. Determine c(-25).
-23
Let v(q) = -17*q + 69. Determine v(6).
-33
Let t(f) = -f**3 - 9*f**2 + 3*f + 1. Determine t(-5).
-114
Let t(k) = 137*k - 835. What is t(6)?
-13
Let y(d) = -d**2 - 9*d - 31. Calculate y(-6).
-13
Let i(l) = -11*l + 168. Calculate i(3).
135
Let f(u) = -u**3 - 2*u**2 + 363*u + 1357. What is f(-18)?
7
Let m(q) = q**2 + 19*q - 37. Calculate m(3).
29
Let n(u) = -36*u + 1344. Calculate n(40).
-96
Let a(b) = -b**3 + 39*b**2 + 1337*b + 301. What is a(61)?
-4
Let l(u) = -u**3 + 33*u**2 + 28*u + 234. Determine l(34).
30
Let s(m) = 15*m - 210. Determine s(13).
-15
Let d(u) = -38*u - 1225. Determine d(-32).
-9
Let w(a) = a**3 + 1